(2/(-6)). What is the greatest common factor of d and u?
16
Let d be (-23998)/((-2)/(-4)*(-9 + -21 + 26)). Calculate the greatest common factor of 845 and d.
169
Let v be (7 - (-2019 - -1))/(5 + -4). Calculate the greatest common factor of 27 and v.
27
Let x(d) be the third derivative of -5*d**4/24 - 77*d**3/6 + d**2 + 33. Let z be x(-35). What is the greatest common divisor of 2 and z?
2
Let p(d) = 17*d**2 - 15*d**2 + 120 + 680*d - 688*d. Let y be p(8). What is the greatest common factor of y and 23?
23
Suppose 47*l = 262 + 20. Suppose -27*s + l*s = -273. Let y = 104 - -104. Calculate the highest common factor of s and y.
13
Let r be (-8)/22 + (4 - 67181/(-11)). What is the greatest common divisor of r and 9?
9
Let z = -161 + 183. What is the highest common factor of 1859 and z?
11
Let q = 7559 - 7325. What is the highest common divisor of 1053 and q?
117
Let h(n) = -10*n**2 - 370*n + 322. Let q be h(-35). Calculate the highest common factor of 2482 and q.
146
Let a(r) = -r + 34. Suppose 84 = 4*y - d + 4*d, 4*y - 68 = d. Let s be a(y). Calculate the greatest common factor of 56 and s.
8
Suppose 0 = 5*s - 5*k + 2*k - 10, 3*s + 2*k + 13 = 0. Let v(y) = 225*y**2 + 5*y + 1. Let c be v(s). What is the greatest common divisor of 17 and c?
17
Let v be 10 - 1 - (1 - 2). Let n be 9/21 - (-2293)/7. Let h = n - 258. Calculate the highest common factor of v and h.
10
Suppose -4*a + 12911 = 3*w - 7678, 2*w = -a + 5151. What is the greatest common divisor of a and 147?
147
Let k be (1/4)/1 - (-39911)/1492. What is the greatest common divisor of 1431 and k?
27
Let k(p) = 150 - 72 - 34 - 41*p. Let r be k(-4). Let m = 11 + 15. Calculate the highest common divisor of r and m.
26
Let t(v) = -5*v**3 + 2*v**2 - 3*v + 2. Let n be t(2). Suppose 6572 = -34*c - 2812. Let p be c/n + (-1)/(-3). Calculate the highest common factor of p and 20.
4
Let m = -2726 + 3276. What is the greatest common factor of m and 150?
50
Let t(c) = -310*c + 42256. Let f be t(0). What is the greatest common factor of f and 304?
304
Let w(u) = 9*u**2 + 168*u - 21. Let i be w(-19). What is the greatest common factor of i and 45?
9
Let w = 9210 - 8868. What is the greatest common factor of w and 72?
18
Let a = 49 + -44. Suppose 14 - 1 = s - a*z, -4*z - 12 = 0. Let f be (s + 11 + -1)/(2/1). Calculate the highest common factor of f and 1.
1
Let p be 7614/27*(-3)/(-9). What is the greatest common divisor of p and 32?
2
Suppose 0 = 2*x - 11 + 3. Suppose 0 = 3*l + 2*q - 63 - 61, x*l = -4*q + 168. Let k = -12 + 17. Calculate the highest common divisor of k and l.
5
Let w = -8648 + 9624. What is the highest common factor of w and 128?
16
Suppose -5*i = -4*z + 53, -34 = -3*z - 0*i - 2*i. Let g(q) = -6*q + 3 + 14 + 22*q. Let f be g(z). Calculate the greatest common divisor of f and 11.
11
Suppose 2*u - 1144 = 29*j - 25*j, -u + 572 = -5*j. Calculate the greatest common factor of u and 528.
44
Let o(g) = -g**2 + 6*g + 4. Let x be o(6). Suppose u = 14*z - 15*z + 130, z + 242 = 2*u. What is the greatest common divisor of u and x?
4
Suppose -6*h + h = -20, -4*c + 5*h = -1004. Let w be (-24)/(8/84 + (-852)/1008). Calculate the highest common divisor of c and w.
32
Let r be 12/42 - 164/(-14). Suppose 3*u - r = 0, 0 = -2*a - u - 49 + 143. Calculate the highest common divisor of 30 and a.
15
Let n be (-2 + 1)/(2/(-66)). Suppose -114 + 34 = 4*q. Let m = n + q. Calculate the greatest common divisor of 52 and m.
13
Let o = 247 + 308. Suppose -2*j + o = j + 4*r, 2*j = 2*r + 384. What is the greatest common factor of j and 126?
63
Let f = 26606 - 25954. What is the highest common factor of f and 36?
4
Suppose 7*x - 1093 = -4*k, -5*k - 5*x = -1423 + 53. What is the highest common factor of k and 185?
5
Let m(k) = 11*k**2 + 40*k + 448. Let s be m(-11). What is the greatest common factor of 206 and s?
103
Let u = -114 - -168. Suppose -6 = -3*t - 5*w + u, -5*w = -t. Suppose -596*c = -590*c - 1170. What is the greatest common divisor of c and t?
15
Suppose 195*c + 3781 - 7815 - 6106 = 0. What is the highest common factor of c and 2951?
13
Suppose 0 = 232*d + 235*d - 37827. What is the highest common factor of d and 333?
9
Let c = 12055 + 95. Calculate the greatest common factor of c and 81.
81
Let i = -646 - -2020. Calculate the greatest common factor of i and 6.
6
Suppose 14 + 5 = z. Let j be 3/6*(8 + -4). Suppose -j*p - 2*g = 3*g - 63, 0 = -p - 4*g + 39. What is the highest common factor of z and p?
19
Suppose 0 = 5*l - 151 + 131, 3*k + l - 1099 = 0. What is the highest common factor of k and 15?
5
Let i = -3190 - -3642. What is the greatest common factor of i and 4?
4
Let z be (-13 + (-7)/(-7))/(4/(-2)). Let y be (-4)/z*-3 - -33. Let t(q) = 2*q**3 - q. Let x be t(2). What is the greatest common factor of x and y?
7
Suppose 2*z + y = -3*z + 101, y = -3*z + 59. Let x(l) = l**2 - l + 10. Let j be x(0). Let k be 136/j + 10/25. Calculate the highest common divisor of k and z.
7
Suppose 2*d + 4*s = 94, -3*s = -57*d + 56*d + 47. Suppose 6*i - d = 1435. Calculate the highest common divisor of i and 13.
13
Let v(y) = y**3 + 28*y**2 + 33*y + 162. Let f be v(-27). Suppose -5*t + 90 + 75 = f. Calculate the greatest common divisor of t and 3.
3
Suppose -6*s + 408 = 11*s. Let j(c) = -2*c**2 - 13*c - 8. Let l be j(-9). Let x = l + 113. Calculate the greatest common factor of s and x.
12
Let x = 344 - 351. Let f be 4 - (-5 + 0/x). Suppose 4*o - 1 = 3*o. What is the highest common factor of o and f?
1
Let x = 1344 + -1323. Suppose 1 + 20 = 3*t. Calculate the highest common divisor of t and x.
7
Let m = 91 - 51. Suppose 160*y - 10352 = -2352. What is the highest common factor of m and y?
10
Suppose -3*c = -3*n - 246, -c = -9*n + 4*n - 58. Calculate the highest common factor of c and 10648.
88
Let j be (1012/(-6))/(10/(-36) + 1/4). Calculate the highest common divisor of j and 792.
264
Suppose k + 27 = -4*a, a - 181 = -3*k - 141. Let c be 391 + (0 + 0 - 0). What is the greatest common factor of c and k?
17
Suppose 2*d = -0*d + 4*y + 74, -4*y - 168 = -4*d. Let h = d + -17. Let m be -10*((-44)/20 + 1). What is the greatest common factor of m and h?
6
Let k be 3/(15/(-2)) + 48802/130. Suppose 8*o - k = 33. Calculate the highest common factor of 3 and o.
3
Suppose -21*q + 85 = 22. Suppose -8*s + j = -9*s + 3, s = q*j - 1. Calculate the greatest common factor of s and 4.
2
Suppose 4*y = 3*p + 269, 29*y + 305 = 34*y - 10*p. Calculate the greatest common divisor of 7597 and y.
71
Suppose -584 - 37 = -23*u. Suppose 122 + 445 = u*p. What is the highest common divisor of 119 and p?
7
Suppose 386*y + 127*y = 11166 + 6789. Calculate the highest common factor of y and 835.
5
Let x be 2 + 1/2 + (-24278)/(-4). Suppose 5*w + w - x = 0. Calculate the highest common divisor of 44 and w.
44
Let x be ((-145)/(-15))/(1/41)*3. Calculate the highest common divisor of 123 and x.
41
Suppose 0 = 78*v - 49374 + 17784. What is the highest common divisor of 855 and v?
45
Let m be -1 - (-5)/(10/156). Let f(x) = -2*x**3 + 4*x + 3. Let w be f(-1). Let j be ((-63)/(-72) - -6) + w/8. What is the greatest common factor of m and j?
7
Let b be 254/9 - (-2)/(-9). Let h be 22*16/5 - 10/25. Suppose 0 = 78*v - h*v - 112. Calculate the greatest common factor of b and v.
14
Let s = -8646 + 15457. What is the highest common divisor of s and 139?
139
Let d = -45545 - -45771. Calculate the highest common divisor of d and 2.
2
Suppose -2*m + 177 = b, 5*b - 79 - 841 = -3*m. Let p = b - 49. Calculate the highest common factor of 92 and p.
46
Let b be (3 - -6) + -4 + -23. Let h(t) = -t**3 - 18*t**2 - 8*t + 12. Let l be h(b). Calculate the highest common factor of l and 24.
12
Let d be ((-54)/(-36))/(1/(-34)). Let v be 23*d/(5 + -8). What is the highest common factor of v and 23?
23
Let h be 7/(42/(-24)) + 294. Let x be (h + 0 - 1)*(11 + -10). What is the highest common divisor of x and 17?
17
Let j = -31392 + 31623. Let n be ((-28)/(-2))/((-1)/(-22)). What is the greatest common divisor of j and n?
77
Let y(o) = 12*o**3 - 3*o**2 + 6*o - 52. Let t be y(5). What is the highest common divisor of 69 and t?
23
Let l = 2600 - 2598. Suppose 0 = 5*h - 0*p - 2*p - 33, -h + 8 = p. What is the greatest common factor of l and h?
1
Let a be 1885/39 - (7/3 + -2). Suppose -4*k - a = -d - 0*k, -d